{"id":96,"date":"2024-02-22T18:08:34","date_gmt":"2024-02-22T18:08:34","guid":{"rendered":"http:\/\/sisdias"},"modified":"2024-02-22T18:08:34","modified_gmt":"2024-02-22T18:08:34","slug":"freguesiaconceicao","status":"publish","type":"page","link":"https:\/\/jf-rabodepeixe.sisdias.com\/web\/","title":{"rendered":"Inicio"},"content":{"rendered":"","protected":false},"excerpt":{"rendered":"","protected":false},"author":1,"featured_media":0,"parent":0,"menu_order":0,"comment_status":"closed","ping_status":"closed","template":"","meta":{"_acf_changed":false,"footnotes":""},"acf":[],"yoast_head":"<!-- This site is optimized with the Yoast SEO plugin v22.2 - https:\/\/yoast.com\/wordpress\/plugins\/seo\/ -->\n<title>Freguesia Vila de Rabo de Peixe<\/title>\n<meta name=\"description\" content=\"Explore servi\u00e7os e iniciativas da Freguesia de Concei\u00e7\u00e3o, promovendo bem-estar e desenvolvimento. Informa\u00e7\u00f5es transparentes sobre apoio social, educa\u00e7\u00e3o, cultura e desporto.\" \/>\n<meta name=\"robots\" content=\"noindex, follow, max-snippet:-1, max-image-preview:large, max-video-preview:-1\" \/>\n<meta property=\"og:locale\" content=\"pt_PT\" \/>\n<meta property=\"og:type\" content=\"article\" \/>\n<meta property=\"og:title\" content=\"Freguesia Vila de Rabo de Peixe\" \/>\n<meta property=\"og:description\" content=\"Explore servi\u00e7os e iniciativas da Freguesia de Concei\u00e7\u00e3o, promovendo bem-estar e desenvolvimento. Informa\u00e7\u00f5es transparentes sobre apoio social, educa\u00e7\u00e3o, cultura e desporto.\" \/>\n<meta property=\"og:url\" content=\"https:\/\/jf-rabodepeixe.sisdias.com\/web\/freguesiaconceicao\/\" \/>\n<meta property=\"og:site_name\" content=\"Freguesia Vila de Rabo de Peixe\" \/>\n<meta name=\"twitter:card\" content=\"summary_large_image\" \/>\n<script type=\"application\/ld+json\" class=\"yoast-schema-graph\">{\"@context\":\"https:\/\/schema.org\",\"@graph\":[{\"@type\":\"WebPage\",\"@id\":\"https:\/\/jf-rabodepeixe.sisdias.com\/web\/freguesiaconceicao\/\",\"url\":\"https:\/\/jf-rabodepeixe.sisdias.com\/web\/freguesiaconceicao\/\",\"name\":\"Freguesia Vila de Rabo de Peixe\",\"isPartOf\":{\"@id\":\"https:\/\/jf-rabodepeixe.sisdias.com\/web\/#website\"},\"datePublished\":\"2024-02-22T18:08:34+00:00\",\"dateModified\":\"2024-02-22T18:08:34+00:00\",\"description\":\"Explore servi\u00e7os e iniciativas da Freguesia de Concei\u00e7\u00e3o, promovendo bem-estar e desenvolvimento. Informa\u00e7\u00f5es transparentes sobre apoio social, educa\u00e7\u00e3o, cultura e desporto.\",\"breadcrumb\":{\"@id\":\"https:\/\/jf-rabodepeixe.sisdias.com\/web\/freguesiaconceicao\/#breadcrumb\"},\"inLanguage\":\"pt-PT\",\"potentialAction\":[{\"@type\":\"ReadAction\",\"target\":[\"https:\/\/jf-rabodepeixe.sisdias.com\/web\/freguesiaconceicao\/\"]}]},{\"@type\":\"BreadcrumbList\",\"@id\":\"https:\/\/jf-rabodepeixe.sisdias.com\/web\/freguesiaconceicao\/#breadcrumb\",\"itemListElement\":[{\"@type\":\"ListItem\",\"position\":1,\"name\":\"In\u00edcio\",\"item\":\"https:\/\/jf-rabodepeixe.sisdias.com\/web\/freguesiaconceicao\/\"},{\"@type\":\"ListItem\",\"position\":2,\"name\":\"Inicio\"}]},{\"@type\":\"WebSite\",\"@id\":\"https:\/\/jf-rabodepeixe.sisdias.com\/web\/#website\",\"url\":\"https:\/\/jf-rabodepeixe.sisdias.com\/web\/\",\"name\":\"Freguesia Vila de Rabo de Peixe\",\"description\":\"brasao\",\"publisher\":{\"@id\":\"https:\/\/jf-rabodepeixe.sisdias.com\/web\/#organization\"},\"potentialAction\":[{\"@type\":\"SearchAction\",\"target\":{\"@type\":\"EntryPoint\",\"urlTemplate\":\"https:\/\/jf-rabodepeixe.sisdias.com\/web\/?s={search_term_string}\"},\"query-input\":\"required name=search_term_string\"}],\"inLanguage\":\"pt-PT\"},{\"@type\":\"Organization\",\"@id\":\"https:\/\/jf-rabodepeixe.sisdias.com\/web\/#organization\",\"name\":\"Freguesia Vila de Rabo de Peixe\",\"url\":\"https:\/\/jf-rabodepeixe.sisdias.com\/web\/\",\"logo\":{\"@type\":\"ImageObject\",\"inLanguage\":\"pt-PT\",\"@id\":\"https:\/\/jf-rabodepeixe.sisdias.com\/web\/#\/schema\/logo\/image\/\",\"url\":\"https:\/\/jf-rabodepeixe.sisdias.com\/web\/app\/uploads\/2024\/02\/brasao.webp\",\"contentUrl\":\"https:\/\/jf-rabodepeixe.sisdias.com\/web\/app\/uploads\/2024\/02\/brasao.webp\",\"width\":300,\"height\":324,\"caption\":\"Freguesia Vila de Rabo de Peixe\"},\"image\":{\"@id\":\"https:\/\/jf-rabodepeixe.sisdias.com\/web\/#\/schema\/logo\/image\/\"}}]}<\/script>\n<!-- \/ Yoast SEO plugin. -->","yoast_head_json":{"title":"Freguesia Vila de Rabo de Peixe","description":"Explore servi\u00e7os e iniciativas da Freguesia de Concei\u00e7\u00e3o, promovendo bem-estar e desenvolvimento. Informa\u00e7\u00f5es transparentes sobre apoio social, educa\u00e7\u00e3o, cultura e desporto.","robots":{"index":"noindex","follow":"follow","max-snippet":"max-snippet:-1","max-image-preview":"max-image-preview:large","max-video-preview":"max-video-preview:-1"},"og_locale":"pt_PT","og_type":"article","og_title":"Freguesia Vila de Rabo de Peixe","og_description":"Explore servi\u00e7os e iniciativas da Freguesia de Concei\u00e7\u00e3o, promovendo bem-estar e desenvolvimento. Informa\u00e7\u00f5es transparentes sobre apoio social, educa\u00e7\u00e3o, cultura e desporto.","og_url":"https:\/\/jf-rabodepeixe.sisdias.com\/web\/freguesiaconceicao\/","og_site_name":"Freguesia Vila de Rabo de Peixe","twitter_card":"summary_large_image","schema":{"@context":"https:\/\/schema.org","@graph":[{"@type":"WebPage","@id":"https:\/\/jf-rabodepeixe.sisdias.com\/web\/freguesiaconceicao\/","url":"https:\/\/jf-rabodepeixe.sisdias.com\/web\/freguesiaconceicao\/","name":"Freguesia Vila de Rabo de Peixe","isPartOf":{"@id":"https:\/\/jf-rabodepeixe.sisdias.com\/web\/#website"},"datePublished":"2024-02-22T18:08:34+00:00","dateModified":"2024-02-22T18:08:34+00:00","description":"Explore servi\u00e7os e iniciativas da Freguesia de Concei\u00e7\u00e3o, promovendo bem-estar e desenvolvimento. Informa\u00e7\u00f5es transparentes sobre apoio social, educa\u00e7\u00e3o, cultura e desporto.","breadcrumb":{"@id":"https:\/\/jf-rabodepeixe.sisdias.com\/web\/freguesiaconceicao\/#breadcrumb"},"inLanguage":"pt-PT","potentialAction":[{"@type":"ReadAction","target":["https:\/\/jf-rabodepeixe.sisdias.com\/web\/freguesiaconceicao\/"]}]},{"@type":"BreadcrumbList","@id":"https:\/\/jf-rabodepeixe.sisdias.com\/web\/freguesiaconceicao\/#breadcrumb","itemListElement":[{"@type":"ListItem","position":1,"name":"In\u00edcio","item":"https:\/\/jf-rabodepeixe.sisdias.com\/web\/freguesiaconceicao\/"},{"@type":"ListItem","position":2,"name":"Inicio"}]},{"@type":"WebSite","@id":"https:\/\/jf-rabodepeixe.sisdias.com\/web\/#website","url":"https:\/\/jf-rabodepeixe.sisdias.com\/web\/","name":"Freguesia Vila de Rabo de Peixe","description":"brasao","publisher":{"@id":"https:\/\/jf-rabodepeixe.sisdias.com\/web\/#organization"},"potentialAction":[{"@type":"SearchAction","target":{"@type":"EntryPoint","urlTemplate":"https:\/\/jf-rabodepeixe.sisdias.com\/web\/?s={search_term_string}"},"query-input":"required name=search_term_string"}],"inLanguage":"pt-PT"},{"@type":"Organization","@id":"https:\/\/jf-rabodepeixe.sisdias.com\/web\/#organization","name":"Freguesia Vila de Rabo de Peixe","url":"https:\/\/jf-rabodepeixe.sisdias.com\/web\/","logo":{"@type":"ImageObject","inLanguage":"pt-PT","@id":"https:\/\/jf-rabodepeixe.sisdias.com\/web\/#\/schema\/logo\/image\/","url":"https:\/\/jf-rabodepeixe.sisdias.com\/web\/app\/uploads\/2024\/02\/brasao.webp","contentUrl":"https:\/\/jf-rabodepeixe.sisdias.com\/web\/app\/uploads\/2024\/02\/brasao.webp","width":300,"height":324,"caption":"Freguesia Vila de Rabo de Peixe"},"image":{"@id":"https:\/\/jf-rabodepeixe.sisdias.com\/web\/#\/schema\/logo\/image\/"}}]}},"_links":{"self":[{"href":"https:\/\/jf-rabodepeixe.sisdias.com\/web\/wp-json\/wp\/v2\/pages\/96"}],"collection":[{"href":"https:\/\/jf-rabodepeixe.sisdias.com\/web\/wp-json\/wp\/v2\/pages"}],"about":[{"href":"https:\/\/jf-rabodepeixe.sisdias.com\/web\/wp-json\/wp\/v2\/types\/page"}],"author":[{"embeddable":true,"href":"https:\/\/jf-rabodepeixe.sisdias.com\/web\/wp-json\/wp\/v2\/users\/1"}],"replies":[{"embeddable":true,"href":"https:\/\/jf-rabodepeixe.sisdias.com\/web\/wp-json\/wp\/v2\/comments?post=96"}],"version-history":[{"count":0,"href":"https:\/\/jf-rabodepeixe.sisdias.com\/web\/wp-json\/wp\/v2\/pages\/96\/revisions"}],"wp:attachment":[{"href":"https:\/\/jf-rabodepeixe.sisdias.com\/web\/wp-json\/wp\/v2\/media?parent=96"}],"curies":[{"name":"wp","href":"https:\/\/api.w.org\/{rel}","templated":true}]}}

<!-- This site is optimized with the Yoast SEO plugin v22.2 - https://yoast.com/wordpress/plugins/seo/ -->
<title>Freguesia Vila de Rabo de Peixe</title>
<meta name="description" content="Explore serviços e iniciativas da Freguesia de Conceição, promovendo bem-estar e desenvolvimento. Informações transparentes sobre apoio social, educação, cultura e desporto." />
<meta name="robots" content="noindex, follow, max-snippet:-1, max-image-preview:large, max-video-preview:-1" />
<meta property="og:locale" content="pt_PT" />
<meta property="og:type" content="article" />
<meta property="og:title" content="Freguesia Vila de Rabo de Peixe" />
<meta property="og:description" content="Explore serviços e iniciativas da Freguesia de Conceição, promovendo bem-estar e desenvolvimento. Informações transparentes sobre apoio social, educação, cultura e desporto." />
<meta property="og:url" content="https://jf-rabodepeixe.sisdias.com/web/freguesiaconceicao/" />
<meta property="og:site_name" content="Freguesia Vila de Rabo de Peixe" />
<meta name="twitter:card" content="summary_large_image" />
<script type="application/ld+json" class="yoast-schema-graph">{"@context":"https://schema.org","@graph":[{"@type":"WebPage","@id":"https://jf-rabodepeixe.sisdias.com/web/freguesiaconceicao/","url":"https://jf-rabodepeixe.sisdias.com/web/freguesiaconceicao/","name":"Freguesia Vila de Rabo de Peixe","isPartOf":{"@id":"https://jf-rabodepeixe.sisdias.com/web/#website"},"datePublished":"2024-02-22T18:08:34+00:00","dateModified":"2024-02-22T18:08:34+00:00","description":"Explore serviços e iniciativas da Freguesia de Conceição, promovendo bem-estar e desenvolvimento. Informações transparentes sobre apoio social, educação, cultura e desporto.","breadcrumb":{"@id":"https://jf-rabodepeixe.sisdias.com/web/freguesiaconceicao/#breadcrumb"},"inLanguage":"pt-PT","potentialAction":[{"@type":"ReadAction","target":["https://jf-rabodepeixe.sisdias.com/web/freguesiaconceicao/"]}]},{"@type":"BreadcrumbList","@id":"https://jf-rabodepeixe.sisdias.com/web/freguesiaconceicao/#breadcrumb","itemListElement":[{"@type":"ListItem","position":1,"name":"Início","item":"https://jf-rabodepeixe.sisdias.com/web/freguesiaconceicao/"},{"@type":"ListItem","position":2,"name":"Inicio"}]},{"@type":"WebSite","@id":"https://jf-rabodepeixe.sisdias.com/web/#website","url":"https://jf-rabodepeixe.sisdias.com/web/","name":"Freguesia Vila de Rabo de Peixe","description":"brasao","publisher":{"@id":"https://jf-rabodepeixe.sisdias.com/web/#organization"},"potentialAction":[{"@type":"SearchAction","target":{"@type":"EntryPoint","urlTemplate":"https://jf-rabodepeixe.sisdias.com/web/?s={search_term_string}"},"query-input":"required name=search_term_string"}],"inLanguage":"pt-PT"},{"@type":"Organization","@id":"https://jf-rabodepeixe.sisdias.com/web/#organization","name":"Freguesia Vila de Rabo de Peixe","url":"https://jf-rabodepeixe.sisdias.com/web/","logo":{"@type":"ImageObject","inLanguage":"pt-PT","@id":"https://jf-rabodepeixe.sisdias.com/web/#/schema/logo/image/","url":"https://jf-rabodepeixe.sisdias.com/web/app/uploads/2024/02/brasao.webp","contentUrl":"https://jf-rabodepeixe.sisdias.com/web/app/uploads/2024/02/brasao.webp","width":300,"height":324,"caption":"Freguesia Vila de Rabo de Peixe"},"image":{"@id":"https://jf-rabodepeixe.sisdias.com/web/#/schema/logo/image/"}}]}</script>
<!-- / Yoast SEO plugin. -->

Explore serviços e iniciativas da Freguesia de Conceição, promovendo bem-estar e desenvolvimento. Informações transparentes sobre apoio social, educação, cultura e desporto.

Início
